t the prime factors of 10/r*(-10 - -16).
3, 5
Suppose 0 = 2*k + 2. List the prime factors of 6/((k + 0)/(-1)).
2, 3
Let a(o) = -61*o**3 + o**2 + 2*o + 2. List the prime factors of a(-1).
2, 31
Let y(r) be the third derivative of -r**5/60 - 13*r**4/24 - 2*r**3/3 + r**2. What are the prime factors of y(-11)?
2, 3
Let i(q) = -2*q + 4. Let j be i(6). Let z = j + 19. What are the prime factors of z?
11
Suppose -2*i = 2*t + 3*t - 1, 2*t = -2*i + 10. Suppose 4*o - i = 52. List the prime factors of o.
3, 5
Suppose -3*m + 70 = 2*m. Suppose 5*n - 4*h - m = 15, 0 = -2*n - h + 22. What are the prime factors of n?
3
Let m(w) = w**2 + w - 14. What are the prime factors of m(-17)?
2, 3, 43
Suppose 74 = l - 2*z, -2*l + 50 = -l + 4*z. Suppose m + 39 = 3*k, -k + 2*m = 4*k - l. List the prime factors of k.
2, 3
Suppose -3*j + c = 32, -2*c = -2*j - 11 - 9. Let y = -6 - j. Suppose -y = -r + 7. List the prime factors of r.
2, 3
Suppose 0*f = f. Suppose -5*q = -f*q - 500. Suppose -q = -s - 4*s. List the prime factors of s.
2, 5
Suppose 136 = 10*t - 6*t. List the prime factors of t.
2, 17
Let c(v) = 15*v**3 - 5*v**2 + 7*v + 1. Let m(l) = -15*l**3 + 4*l**2 - 6*l - 1. Let x(s) = 4*c(s) + 5*m(s). List the prime factors of x(-1).
2
Let d be 2/(1 + 4/4). What are the prime factors of (d - -2) + 1 + 0?
2
Let v(o) = -o + 4. Let u = 12 + -2. Suppose 10 + u = -5*z. What are the prime factors of v(z)?
2
Suppose -9 = 2*x - 5*k, 6*k = 4*x + 3*k - 3. List the prime factors of x.
3
Let j(f) = f**3 - 5*f**2 - 7*f + 8. Let v = -10 + 16. Let z be j(v). List the prime factors of (-2)/(-1) + z + 4.
2
Let l(p) = -p**3 - 2*p**2 + 8*p + 6. Suppose -5*u - 4 = 21. What are the prime factors of l(u)?
41
Let q(h) = 2*h**2 - 4*h + 3. Let p be q(3). Let r(j) = -j**2 - 5*j - 5. Let l be r(-4). Let b = p + l. What are the prime factors of b?
2
Let w(g) = -69*g - 1. Let x be w(-3). What are the prime factors of (-2)/10 - x/(-5)?
41
List the prime factors of (-10612)/(-60) - 6/(-45).
3, 59
Let w(l) = l + 1. List the prime factors of w(9).
2, 5
Let o(m) = -2*m + 36. Let n be o(19). Let f = -2 + 7. Let v = f - n. List the prime factors of v.
7
Let n be (-415)/(-10) + (-6)/4. List the prime factors of 530/n - (-1)/(-4).
13
Let l = 13 + -6. Let f = l - 2. Suppose -9 = s - f*y + 5, -3*s + 2*y = -23. What are the prime factors of s?
11
Let n = 10 - 8. Suppose -3*i + 88 = -4*g, 2*g = i - n*g - 40. What are the prime factors of i?
2, 3
Let b(d) = -d**3 - d**2 + d - 1. Let y(v) = -6*v**3 - 10*v**2 + 5*v - 10. Let s(z) = 5*b(z) - y(z). What are the prime factors of s(-5)?
5
Let d(s) = -s**2 - s. Let n(t) = t**3 + 7*t**2 - 2*t - 2. Let b(g) = 2*d(g) + n(g). What are the prime factors of b(-5)?
2, 3
Let r = 636 - 371. List the prime factors of r.
5, 53
List the prime factors of 2/((-8)/3) - 6146/(-56).
109
Let h(i) = i - 6. Let f be h(7). What are the prime factors of (-22 + f)*6/(-7)?
2, 3
Suppose 0 = 6*k - 3*k - 3. Let a be k/4 + 42/(-8). Let r = a + 26. What are the prime factors of r?
3, 7
Let q(s) = -3 + 5*s**3 - 6*s**2 - 2*s**3 - 4*s + 6 + 7*s**2. List the prime factors of q(2).
23
Let u be 40/(-12)*36/(-10). List the prime factors of (0 - 2)*(0 - u).
2, 3
Suppose 2*j - 5*j = -54. Suppose v - j = -v. What are the prime factors of v?
3
Suppose 0 = 5*t - 408 - 462. What are the prime factors of t?
2, 3, 29
Let r(c) = c - 1. Let p(f) = -3*f - 4. Let s(z) = p(z) - 2*r(z). Let b be s(4). What are the prime factors of b*((-1)/2)/1?
11
Suppose -3*t + 5*u + 10 = 0, t - 10 = 2*u - 7*u. What are the prime factors of t?
5
Suppose k = 5*k - 12. Suppose -k*w - 40 = -8*w. What are the prime factors of w?
2
Let w = 8 - 6. Suppose 5*r = -w*n - 0*r - 5, -3*r - 25 = -n. List the prime factors of n.
2, 5
Suppose -3*l - 4*q = -0*l - 150, -5*l + 250 = 4*q. List the prime factors of l.
2, 5
Suppose 3*j - g + 122 = 736, -200 = -j + 5*g. List the prime factors of j.
5, 41
Suppose 2*u + 3 = -7. Suppose 2*w - 4*k - 20 = -6, -3*w - 4*k + 31 = 0. Let p = w + u. What are the prime factors of p?
2
Let y(m) = -m**2 + 7*m + 8. Suppose a = -a - 6. Let g = 3 - a. List the prime factors of y(g).
2, 7
Let f(k) = k**3 - 13*k**2 + 4*k - 15. Let q be f(13). Suppose 3*b - 43 = -2*i, -2*i + q = i - b. What are the prime factors of i?
2, 7
Let s be -3*((2 - 0) + -1). Let n = s + 7. Suppose n*k - 15 = -m, -5*k = 4*m - 15 - 12. What are the prime factors of k?
3
Let h(z) = -3*z**2 - z - 4. Let v(c) = -8*c**2 - 3*c - 11. Let l(d) = -11*h(d) + 4*v(d). What are the prime factors of l(4)?
2, 3
Suppose -l - 2*l = 3*v - 3, 0 = -4*l + 2*v + 4. What are the prime factors of 42 - (12/4 + l)?
2, 19
Suppose 3*z + y = 61, z + y - 15 = 2*y. List the prime factors of z.
19
Suppose -7 = -s + 3. List the prime factors of s.
2, 5
Let b(l) = -7 + 3 + 2*l**2 + 4 + 5*l - 1. Let z be b(-4). Suppose 0 = 4*a - z + 3. List the prime factors of a.
2
Let f be (3 + -2)*(4 - -1). Suppose f*q - 25 = -2*x, -x + 2*x - 20 = -5*q. List the prime factors of x.
5
Suppose 14*d = 16*d - 20. What are the prime factors of d?
2, 5
List the prime factors of 675/18*16/10.
2, 3, 5
Suppose -2*g = -7*g + 4*w + 10, 2*w = -3*g + 6. Let i(b) = -b + 3. Let h be i(3). Suppose h = -g*v + 5*v - 69. List the prime factors of v.
23
Let s be 6*(-2 + 1)*1. Let p be -8 + (0 - (-1 + 2)). List the prime factors of (-1)/(-2 + p/s).
2
Let b(u) = u**2 - u - 3. What are the prime factors of b(5)?
17
Let h = 12 - 7. Let j = 12 - h. What are the prime factors of j?
7
Let k = 176 + -93. What are the prime factors of k?
83
Let l = 1071 - 339. List the prime factors of l/36 + (-2)/(-3).
3, 7
Let q(w) = 2*w + 10. What are the prime factors of q(7)?
2, 3
Suppose v + 0*v = 12. Suppose -3*t + v = -0*t. What are the prime factors of t?
2
Let m = 12 - 12. Suppose m = 2*i - 22 - 28. List the prime factors of i.
5
Let o be (-4)/(-6) - (-124)/(-6). Let l = o + 28. What are the prime factors of l?
2
Suppose -2*n = -4*n - 8. Let i be 0 + (n*1 - 3). Let a = i + 21. What are the prime factors of a?
2, 7
Suppose -2*f - 51 = -3*f. List the prime factors of f.
3, 17
Suppose -5*n + 100 = 3*o, -3*n + 101 = 3*o + n. Suppose -2*q = -5 - o. Suppose 0*g + 5*g = q. List the prime factors of g.
2
Let v(y) = y**2 - 3*y + 5. Let z be v(4). Let f = -7 + z. Suppose -q + o + 14 = -0*o, -f*q + 16 = 4*o. What are the prime factors of q?
2, 3
Suppose -3*b + 2*b = -4. Suppose 0 = b*c - 3*c. Suppose c = -4*p - 3*x + 54, 4*p - 3*x - 48 = -6. What are the prime factors of p?
2, 3
Suppose 2*o + 0 = 18. Let f = o - -4. List the prime factors of f.
13
Suppose 5*q = 4*g - 988, 0 = 3*g + g - 3*q - 996. List the prime factors of g.
2, 3, 7
Suppose i - 12 = 3*j, 5*j - j = 5*i - 82. Suppose 6 - i = -2*y. Let w = 0 + y. What are the prime factors of w?
2, 3
Let j = 80 + 11. List the prime factors of j.
7, 13
Let y be 2/(-8) - (-1)/4. Suppose y = -v + 3 + 23. List the prime factors of v.
2, 13
Suppose 2*r + o - 76 = -r, 4*r + 3*o = 108. List the prime factors of r.
2, 3
Let s(r) = r**2 - 8*r - 5. What are the prime factors of s(10)?
3, 5
Let i(v) = -v**2. Let m be i(1). What are the prime factors of (-2 - 0/m) + 8?
2, 3
Let g(d) = -d**2 + 21. Let w be g(0). Suppose -w = -6*j + 3*j. List the prime factors of j.
7
Suppose 1 = -4*x + 49. What are the prime factors of x?
2, 3
Suppose -530 = -3*a + a. What are the prime factors of a?
5, 53
Let f(u) = -u**3 - 5*u**2 + u - 7. Let g = -13 + 7. List the prime factors of f(g).
23
Let h(y) be the third derivative of y**4/8 + y**3/3 + 3*y**2. Let a be 12/3 + (0 - 0). What are the prime factors of h(a)?
2, 7
Let x = 1 + 0. Let c be (x + -2)/((-3)/(-51)). Let l = -10 - c. List the prime factors of l.
7
Suppose -3*k = -4*x - 261, 0*x + 435 = 5*k + 2*x. What are the prime factors of k?
3, 29
Let g = 47 - 16. What are the prime factors of g?
31
Suppose -35 = -5*u + 5*w, 7*u + 11 = 4*u - 5*w. Suppose 7*t - 3*t - 140 = -u*d, -d + 2*t = -40. What are the prime factors of d?
2, 11
Suppose 4*y = -106 + 26. What are the prime factors of 42 - 5/(y/(-12))?
3, 13
Let y be -4 - (9 + 3)/3. List the prime factors of y + 4 + 1 + 23.
2, 5
Let n be (-1 - -2) + 1 - 2. Suppose -2*t + 19 = -3*f - 3*t, -f - t - 9 = n. Let c = 0 - f. What are the prime factors of c?
5
Suppose 2*t + 2*t - 16 = 0. Suppose 0 = -t*v + 69 - 25. List the prime fa